prime factors of u(w)?
197
Let c(r) be the second derivative of r**4/12 + 13*r**3/6 - 7*r**2 + 2*r. Suppose -2*n - 3*t = -19, 4*n + 4*t - 58 + 22 = 0. List the prime factors of c(n).
2, 7, 11
Let v be (-1)/(2/143*1/(-2)). Let x = 89 - v. What are the prime factors of ((-1764)/x)/(4/30)?
5, 7
List the prime factors of (21588/56)/((-191)/48 - -4).
2, 3, 257
Let u(o) = -o**3 + 2*o**2 + 25*o + 19. Let i be u(-10). Suppose -2*b + 2*t = -7*b + i, 2*b - 378 = 4*t. List the prime factors of b - (2 + (-7)/1 + 4).
2, 97
Suppose -3*h + 133 - 118 = 0. Suppose -4*w + 1333 = 5*r - 291, -2*r = h*w - 2013. List the prime factors of w.
401
Suppose 79*f + 6*f = 2737340. What are the prime factors of f?
2, 83, 97
Let q(n) = -n**3 - 48*n**2 + 279*n + 131. What are the prime factors of q(-56)?
5, 19, 101
Let l(u) = 25*u + 12. Let i(p) = -76*p - 34. Let n(r) = 4*i(r) + 11*l(r). Let w = -11 + 9. List the prime factors of n(w).
2, 3
Let o be (-9 - -1)*(1 + -79). List the prime factors of (22 - 1)*o/56.
2, 3, 13
Let p = 34869 - 11785. List the prime factors of p.
2, 29, 199
Let x be (-2 + (-72)/(-42))*(-2 + -404). Let v(r) = r**3 - r**2 - 4*r + 3. Let u be v(2). What are the prime factors of x*(-6)/(-4)*u/(-2)?
3, 29
Suppose 36 = -2*p + 12. Let f be 4/(-16)*p - (3 + 0). Suppose f = s - 5*c - 135, -557 = -2*s - 2*s + 3*c. What are the prime factors of s?
2, 5, 7
Suppose 2*x = 3*n - 7954 + 28147, 3*x = -2*n + 30283. List the prime factors of x.
3, 5, 673
Suppose -8*b - 336 = -12*b. Let h = b - 81. Suppose -4*y + h*i + 117 = 2*i, 129 = 4*y + 3*i. What are the prime factors of y?
2, 3, 5
Suppose 2*t = -12, -16*t = -3*n - 13*t + 53031. What are the prime factors of n?
41, 431
Let w = 1596 - 1439. Let m(v) = v**3 - 7*v**2 + 3. Let x be m(4). Let f = w + x. What are the prime factors of f?
2, 7
Let k(z) be the first derivative of -9*z**2/2 + 10*z + 13. Let c be k(5). Let o = c - -56. List the prime factors of o.
3, 7
Let z = -22326 + 37522. Suppose 2*o = -5*s + z, -s = 3*s + 3*o - 12161. Suppose 841 = -13*i + s. List the prime factors of i.
13
Let o(a) be the third derivative of -155*a**4/24 + 281*a**3/6 + 275*a**2. List the prime factors of o(-5).
2, 3, 11
Suppose -3*a + 3*z = 6*z - 6, -20 = -5*z. Let c(r) = -54*r**3 - r**2 - 2*r + 3. What are the prime factors of c(a)?
3, 5, 29
Suppose -3*r + 24915 = -24270. What are the prime factors of r?
3, 5, 1093
Suppose 0 = -h - 4*y - 1245 + 9334, -16143 = -2*h - 3*y. What are the prime factors of h?
3, 2687
Let u be (168/(-30) - -5)/(3/(-10)). Suppose z + 3 = j, u*j + 2*j = -2*z - 6. What are the prime factors of (-2 + 1)/(j + 1/(-260))?
2, 5, 13
List the prime factors of 64011*(-2)/(-6)*(12 - 11).
19, 1123
Let m be ((-2364)/(-7))/(((-102)/(-42))/17). Let c = 3646 - m. List the prime factors of c.
2, 641
Suppose -4 = 4*q, -q - 41 = i - 8. Let s(h) = -h**3 - 29*h**2 + 92*h + 73. What are the prime factors of s(i)?
3, 67
Suppose -5*k - 55*o + 48775 = -57*o, o = -3*k + 29265. List the prime factors of k.
5, 1951
Let i(n) = 239*n**2 - 164*n + 16. List the prime factors of i(-9).
29, 719
Let m(f) = -2*f**3 + 11*f**2 - 3*f - 6. Let x be m(5). Suppose w - 17 = q - x*q, -3*q + 3*w - 3 = 0. List the prime factors of 2*(374/q + -3 - -2).
5, 37
Let d(o) = o**3 - 5*o**2 + 3*o. Let w be d(6). Let y = w + -50. List the prime factors of (146 - 0) + (-4)/y.
5, 29
Suppose 22*c = -72*c + 584680. List the prime factors of c.
2, 5, 311
Let r be (-2)/(21/9 - 3). Let s(l) = 5*l + 0 - 5 + 6 + r. What are the prime factors of s(7)?
3, 13
Let j = 129374 - 79629. List the prime factors of j.
5, 9949
Let m = 233 + -104. Let b(t) = 8*t**2 + 69*t - 412. Let o be b(5). Suppose 4*x = 4*r - 653 + m, r = -x + o. What are the prime factors of r?
2, 3, 11
Suppose 0 = 4*v + 46 + 2. Let r(h) = -3*h - 12. Let s(i) = 1. Let q(z) = 2*r(z) + 2*s(z). List the prime factors of q(v).
2, 5
List the prime factors of -3*((-195612)/21 + 3) - (-18)/42.
2, 3, 97
Let j(b) = 21*b**2 + 71*b + 106. Let y(a) = -11*a**2 - 36*a - 54. Let u(l) = 3*j(l) + 5*y(l). List the prime factors of u(-14).
2, 577
Let b(w) = -1016*w**3 - w**2. Let s be b(-1). Suppose -5*a = -0*a + s. Let h = -127 - a. What are the prime factors of h?
2, 19
Suppose 2*q + 13*q - 30 = 0. Suppose -2*j = -k + 265, 5*k + q*j - j = 1281. Let i = -100 + k. What are the prime factors of i?
157
Let t(a) be the second derivative of -a**3/2 + 23*a**2/2 + 50*a. List the prime factors of t(-6).
41
Suppose 40*r - 37*r + 12 = 0, -5*v + 5*r + 26730 = 0. List the prime factors of v.
2, 2671
Suppose -182396 + 22340 = -1267*f + 1249*f. List the prime factors of f.
2, 3, 13, 19
Let p(b) = -b**3 - 27*b**2 - 31*b - 253. What are the prime factors of p(-33)?
2, 11, 83
Suppose -111609 = 9*u + 8*u - 671555. What are the prime factors of u?
2, 43, 383
Suppose 9324 = -39*i + 48597. List the prime factors of i.
19, 53
Let u(z) = 827*z - 1771. List the prime factors of u(6).
3191
Suppose 9*z - 5 = 14*z, 0 = 2*t + 4*z + 60. List the prime factors of (-7204)/t - 10/35.
257
Let r = -3 + 11. Suppose 3*c - 2 = -x + r, 2*c = -4*x + 20. What are the prime factors of 0*(-4)/x + 13?
13
Suppose -19*r = -719097 + 89665. What are the prime factors of r?
2, 41, 101
Suppose -5*s + 32235 = 75*j - 74*j, 3*j = 2*s + 96722. List the prime factors of j.
2, 5, 13, 31
Let i = -54850 - -88699. What are the prime factors of i?
3, 3761
Let t(x) = -x**2 + 7*x - 9. Let s = 83 + -63. Suppose 0 = 9*l - 14*l + s. What are the prime factors of t(l)?
3
Let z(o) = 592*o + 7390. List the prime factors of z(19).
2, 9319
Let u = 66 - 64. Suppose 0 = 3*r - 2*o - 0*o - 189, 0 = -u*r + 3*o + 126. Let h = 65 - r. List the prime factors of h.
2
Let p(s) = s**2 + 6*s + 4. Let g be p(-6). Let o(y) = -y**3 - 11*y**2 - 12*y + 14. Let x be o(-10). Let d = x - g. What are the prime factors of d?
2, 3, 5
Suppose 220*w = -18*w + 6559042. List the prime factors of w.
7, 31, 127
Let q(p) = p + 46. Let y be q(5). Suppose -4*d - 2*z + 947 = -y, -3*d = 3*z - 750. What are the prime factors of d?
3, 83
Let g(r) = -r**2 - 9*r - 3 - 3 + 1. Let t be g(-7). Suppose 0*c = -t*c + 189. What are the prime factors of c?
3, 7
Suppose -43*p = 4*g - 48*p - 19488, 4*g + 2*p - 19460 = 0. List the prime factors of g.
31, 157
Suppose -2*b + 1022 = g, g - 1018 = -2*b - g. List the prime factors of 24/(-10)*(3 - b).
2, 3, 17
Let d = 11435 + -6214. What are the prime factors of d?
23, 227
Suppose 3*r = 5 + 4. Let n be 4 - (36 - (-1 - r)). Let m = n + 94. What are the prime factors of m?
2, 29
Let v(j) be the third derivative of 3*j**5/4 - 7*j**4/24 + 13*j**3/6 + 10*j**2 + 7. List the prime factors of v(2).
179
Suppose -x = 6*x - 28. Suppose -2*s - 9 = -3*n, 0 = 3*s - x*n + 5 + 6. Suppose -f + s*q = -59, q - 10 - 221 = -5*f. What are the prime factors of f?
47
Let k(u) = 19*u - 77. Let c be k(3). What are the prime factors of (c/(-8))/((-2)/(-84))?
3, 5, 7
Let i(v) = -v**3 - 8*v**2 + 117*v + 34. What are the prime factors of i(-19)?
2, 3, 11
Let c(s) = -s**3 + 24*s**2 + 46*s + 75. What are the prime factors of c(22)?
3, 5, 137
Suppose -2*m + 4*m + 5*l + 508 = 0, 0 = 3*l. Let k = -230 - m. List the prime factors of k.
2, 3
Let z = 26582 + 6038. What are the prime factors of z?
2, 5, 7, 233
Let u = -30 - -36. Suppose p - u*p + 20 = 0. What are the prime factors of -1 - (1 - 128/p)?
2, 3, 5
Suppose -5*d + 1479 = 12*d. Suppose d = 3*t - 255. List the prime factors of t.
2, 3, 19
Let t(p) = 30*p + 5. Let h be t(-3). Suppose 4*c - 128 = 5*c. Let i = h - c. List the prime factors of i.
43
Suppose -4619569 - 233039 = -96*s. What are the prime factors of s?
2, 12637
Let g(q) = 1 - 15 + 6 - 129*q - 25*q. Let n be g(-1). List the prime factors of 1 - (-3 - n - -2).
2, 37
Suppose 0 = 2*z + 4*a - 2456, 6148 = 7*z - 2*z + 8*a. What are the prime factors of z?
2, 3, 103
Suppose 5*r - 58978 = h - 4*h, 0 = h + 6*r - 19655. What are the prime factors of h?
19661
Let v(i) = i**3 - 36*i**2 - i + 39. Let t be v(36). List the prime factors of 8 + -4 - (t - 74).
3, 5
Suppose 9*o - 10382 = -2*q + 13*o, 20782 = 4*q - 2*o. What are the prime factors of q?
5197
List the prime factors of (-1)/((-2 - 48/(-40)) + (-979)/(-1224)).
2, 3, 5, 17
Suppose -4*l + 2*s = -120796, 3*l - 45*s - 90612 = -46*s. What are the prime factors of l?
2, 15101
Let 